a(r) = -4*r + 8. Determine a(3).
-4
Let a(y) = -2*y - 1. Determine a(9).
-19
Let t(k) = 11*k + 50. What is t(-11)?
-71
Let k(w) = 9*w + 67. Determine k(-7).
4
Let w(o) = -9*o - 94. What is w(-7)?
-31
Let t(i) = 13*i - 208. Give t(16).
0
Let k(s) = 2*s**2 - 9*s + 8. Calculate k(3).
-1
Let i(g) = g - 21. What is i(-8)?
-29
Let y(g) = -g**2 - 2*g + 4. Give y(0).
4
Let m(f) = 12*f. What is m(1)?
12
Let w(d) = -4*d - 1. Give w(-8).
31
Let n(x) = 2*x**2 + 9*x + 5. Determine n(-2).
-5
Let a(b) = -9*b - 21. What is a(0)?
-21
Let j(n) = -22*n - 90. What is j(-5)?
20
Let w(u) = -u**2 + 5*u + 7. Give w(4).
11
Let u(p) = p**2 + 24*p - 24. Give u(-28).
88
Let b(q) = -6*q**2 + 15*q + 3. What is b(3)?
-6
Let r(t) = -t**3 - 50*t**2 - t - 65. What is r(-50)?
-15
Let t(k) = -k - 7. Calculate t(0).
-7
Let h(y) = -y + 64. What is h(52)?
12
Let u(a) = -a**3 + 7*a**2 - 4*a - 2. Calculate u(4).
30
Let f(d) = d - 7. Give f(-4).
-11
Let v(c) = c**2 + 32*c + 87. Calculate v(-29).
0
Let p(d) = -d**2 + 9*d + 16. Calculate p(11).
-6
Let a(x) = 17*x**2 - 2*x + 1. What is a(1)?
16
Let v(z) = -21*z - 5. What is v(-6)?
121
Let s(b) = b**2 - 18*b + 41. Give s(16).
9
Let u(y) = y**2 + 8*y - 9. Calculate u(-8).
-9
Let i(h) = h**2 - 7*h + 7. Determine i(6).
1
Let b(s) = 9*s - 2. Determine b(-3).
-29
Let b(x) = 24*x + 7. What is b(2)?
55
Let c(u) = 3*u - 5. Give c(-6).
-23
Let k(m) = -m**2 - 7*m - 12. What is k(-8)?
-20
Let n(b) = -5*b + 5. Determine n(1).
0
Let h(r) = -r**3 - 4*r**2 + 4*r + 5. What is h(-4)?
-11
Let f(c) = -c**3 + 5*c**2 - 5*c - 1. Give f(6).
-67
Let l(c) = -c**2 - 16*c - 31. Determine l(-10).
29
Let g(t) = t**2 + 7*t - 3. Determine g(-7).
-3
Let s(l) = 3*l**2 - 81*l - 1. Give s(27).
-1
Let f(v) = -39*v - 26. Calculate f(-1).
13
Let t(c) = -5*c + 21. Determine t(5).
-4
Let f(g) = 11*g**2 - g - 1. Determine f(-1).
11
Let x(b) = 2*b**3 + 4*b**2 + 5*b + 4. Calculate x(-3).
-29
Let k(a) = -13*a + 44. Calculate k(3).
5
Let n(p) = -p - 1. What is n(3)?
-4
Let i(u) = -u**3 + 16*u**2 - 14*u - 14. Calculate i(15).
1
Let f(t) = -t**3 - 9*t**2 + 5*t - 47. What is f(-10)?
3
Let l(k) = k + 4. Give l(8).
12
Let q(s) = -3*s**2 + 15*s + 7. Determine q(6).
-11
Let o(r) = 5*r + 15. Calculate o(-6).
-15
Let r(f) = f**3 - 13*f**2 - 12*f + 20. What is r(14)?
48
Let p(y) = -313*y + 1246. What is p(4)?
-6
Let x(v) = 4*v**2 + 2. Calculate x(-2).
18
Let i(j) = -j**2 - 10*j - 13. Calculate i(-7).
8
Let d(b) = -b**3 - 3*b**2 + 2*b - 3. Determine d(-4).
5
Let b(u) = -u**2 + 14*u - 12. Calculate b(13).
1
Let u(k) = 9*k - 2. Calculate u(3).
25
Let h(q) = -8*q + 252. Determine h(32).
-4
Let i(j) = 11*j - 12. Calculate i(-3).
-45
Let v(t) = -2*t**2 - 23*t + 44. Determine v(-13).
5
Let y(u) = 2*u**2 - 6*u - 8. Give y(6).
28
Let b(l) = 17*l. Calculate b(-1).
-17
Let y(p) = 2*p + 5. Give y(7).
19
Let a(m) = m**3 - 5*m**2 - 3*m - 4. Calculate a(6).
14
Let a(s) = -s**3 + 22*s**2 - 19*s - 25. What is a(21)?
17
Let m(g) = g**3 + 8*g**2 + 6*g + 3. Give m(-5).
48
Let o(x) = x**3 - 15*x**2 + 42*x + 22. Determine o(11).
0
Let a(y) = -y + 6. Determine a(4).
2
Let o(w) = -w**3 - 13*w**2 - 16*w - 9. What is o(-12)?
39
Let p(i) = 34*i + 6. Calculate p(1).
40
Let s(i) = -i**3 + 13*i**2 - 11*i + 3. Determine s(12).
15
Let b(i) = i**2 - 19*i - 23. What is b(19)?
-23
Let n(k) = -k**2 + 6*k. Determine n(6).
0
Let z(b) = -8*b + 3. Determine z(5).
-37
Let g(j) = 12*j - 40. Give g(3).
-4
Let m(p) = p**3 + 5*p**2 - 2*p + 4. Calculate m(-6).
-20
Let c(x) = x + 17. Give c(-4).
13
Let i(c) = 13*c - 5. What is i(11)?
138
Let d(o) = o + 41. Calculate d(-16).
25
Let s(x) = -5*x - 14. Determine s(-7).
21
Let h(x) = -x**3 - x**2 + 3*x + 7. Give h(-2).
5
Let z(d) = d**3 + 30*d**2 + 29*d + 7. Give z(-29).
7
Let s(i) = 2*i**2 - 2*i + 1. Give s(2).
5
Let z(q) = -q**3 + 6*q**2 - 5*q + 8. Give z(6).
-22
Let g(x) = 6*x**2 + 2*x + 1. Determine g(-3).
49
Let h(w) = -7*w - 49. What is h(-13)?
42
Let c(z) = z**3 - 13*z**2 - 15*z - 18. What is c(14)?
-32
Let z(n) = 2*n + 13. Determine z(6).
25
Let g(z) = 11*z - 53. What is g(5)?
2
Let y(n) = -2*n + 11. What is y(10)?
-9
Let y(t) = -3*t - 33. Give y(-15).
12
Let v(o) = -o - 11. What is v(-11)?
0
Let m(v) = v**3 + 4*v**2 - 4*v - 5. What is m(-4)?
11
Let h(l) = 35*l + 97. What is h(-3)?
-8
Let l(r) = -r + 12. Give l(14).
-2
Let y(t) = t**3 - 18*t**2 - 3*t. Determine y(18).
-54
Let d(b) = -10*b - 267. Give d(-26).
-7
Let m(w) = -w**2 + 13*w - 42. Give m(10).
-12
Let c(m) = -m**2 + 16*m - 49. Calculate c(6).
11
Let v(c) = c**2 - 2*c + 16. Calculate v(0).
16
Let x(h) = -h + 9. Give x(11).
-2
Let b(k) = k**2 + 12*k - 26. What is b(-14)?
2
Let l(p) = -p**2 + 10*p + 12. Determine l(11).
1
Let s(j) = -3*j**2 - 30*j + 5. Give s(-10).
5
Let r(p) = p**3 - 11*p + 2. Determine r(3).
-4
Let n(m) = m**3 - 8*m**2 + 9*m - 5. What is n(7)?
9
Let l(v) = 4*v - 27. What is l(15)?
33
Let m(i) = 2*i**2 - 12*i - 6. Give m(7).
8
Let r(h) = h + 8. Determine r(-7).
1
Let c(o) = -3*o - 1. Determine c(8).
-25
Let o(b) = b**3 + 4*b**2 + 7*b + 9. Give o(-2).
3
Let k(c) = -29*c + 525. What is k(18)?
3
Let x(q) = q + 25. Determine x(-11).
14
Let k(z) = -5*z - 60. Determine k(-10).
-10
Let h(w) = 2*w**2 - 12*w - 2. Give h(6).
-2
Let i(d) = d**3 - 11*d**2 + 10*d + 1. Calculate i(10).
1
Let o(q) = q**2 - 37. What is o(9)?
44
Let h(d) = -d**2 + 13*d + 15. Determine h(8).
55
Let j(i) = -4*i - 32. Give j(-7).
-4
Let t(u) = -4*u - 49. Give t(-13).
3
Let l(v) = 4*v**2 + 36*v + 35. Determine l(-8).
3
Let d(g) = 2*g**2 - 6*g - 4. What is d(5)?
16
Let n(b) = -5*b - 49. Give n(-12).
11
Let r(d) = -21*d - 15. What is r(-5)?
90
Let w(m) = -4*m - 3. Calculate w(-2).
5
Let g(p) = -p**2 + 22*p - 42. Give g(19).
15
Let g(h) = 4*h**2 + 9*h - 12. Give g(-4).
16
Let w(n) = -3*n**2 - 16*n - 7. Determine w(-6).
-19
Let m(y) = 11*y**2 + 1. Give m(-1).
12
Let c(u) = -2*u - 19. Calculate c(-6).
-7
Let l(u) = -u**2 - 9*u - 3. What is l(-6)?
15
Let j(l) = l**3 - 5*l**2 - 8*l + 46. Give j(5).
6
Let u(z) = -2*z**2 - 3*z - 2. Determine u(-1).
-1
Let t(d) = -d**2 - 14*d - 6. Give t(-10).
34
Let h(t) = 2*t**3 + 127*t**2 + 66*t + 183. What is h(-63)?
-6
Let g(o) = o - 7. Determine g(5).
-2
Let s(o) = -2*o**3 + 2*o - 1. Determine s(2).
-13
Let a(i) = -6*i**2 + 36*i + 18. What is a(6)?
18
Let v(j) = -j**3 + 15*j**2 - 13*j + 3. Determine v(14).
17
Let t(d) = 5*d**2 - 30*d - 85. Calculate t(8).
-5
Let a(s) = -3*s**2 - 79*s + 34. Calculate a(-27).
-20
Let c(m) = m**3 - 16*m**2 + 16*m. Determine c(15).
15
Let h(y) = -y**3 - 47*y**2 + 47*y - 49. Give h(-48).
-1
Let r(s) = -3*s - 108. Determine r(-33).
-9
Let f(w) = 17*w - 3. Calculate f(1).
14
Let l(g) = g - 10. Calculate l(-7).
-17
Let x(u) = 20*u. What is x(1)?
20
Let b(f) = 4*f + 23. Give b(8).
55
Let u(s) = 2*s**2 - 10*s - 1. Give u(5).
-1
Let i(k) = -3*k**2 - 4*k + 14. Calculate i(-4).
-18
Let z(l) = 4*l + 46. Determine z(-10).
6
Let k(a) = -9*a - 132. What is k(-14)?
-6
Let l(p) = 2*p**2 - 5*p + 2. Determine l(3).
5
Let m(a) = -6*a**3 + a**2 - 2*a + 2. Determine m(2).
-46
Let r(h) = h**3 - 3*h**2 + 4*h - 3. What is r(3)?
9
Let r(g) = g**2 - 8*g + 20. Calculate r(6).
8
Let s(z) = -z**3 + 5*z**2 - 5*z + 4. What is s(3)?
7
Let t(p) = -p**2 + 11*p - 10. Calculate t(9).
8
Let c(f) = 2*f**3 + f**2 - f - 2. Calculate c(-2).
-12
Let t(m) = 2*m**2 + 15*m + 13. Calculate t(-7).
6
Let j(w) = 3*w**2 - 3*w + 2. Determine j(2).
8
Let u(g) = -4*g + 23. Determine u(10).
-17
Let o(p) = p**3 + 11*p**2 - 9. Calculate o(-11).
-9
Let b(h) = -4*h**3 + 2*h**2 + 2*h - 2. Determine b(-2).
34
Let d(m) = -m**3 + 2*m**2 + 2*m - 3. Calculate d(3).
-6
Let b(l) = 5*l - 27. Give b(6).
3
Let z(o) = o**3 - 4*o**2 - 11*o + 23. Calculate z(2).
-7
Let f(a) = 2*a + 3. What is f(2)?
7
Let t(q) = -q**3 + 10*q**2 - 10*q - 9. Calculate t(9).
-18
Let h(i) = -4*i**2 - 4*i + 6. Calculate h(4).
-74
Let w(r) = r**3 - 3*r - 1. What is w(2)?
1
Let u(g) = g**2 + 7*g + 18. Determine u(-6).
12
Let n(z) = -z**2 - 18*z + 12. Determine n(-17).
29
Let q(d) = 10*d**2 - 5*d + 2. Calculate q(3).
77
Let w(a) = -a**3 + 15*a**2 + 21*a - 38. What is w(16)?
42
Let j(n) = n + 1. What is j(0)?
1
Let n(x) = x**2 - x. Determine n(6).
30
Let b(p) = -40*p**2 - p + 1. Determine b(-1).
-38
Let z(f) = f**3 - 12*f**2 + 11*f + 10. Give z(11).
10
Let h(d) = 4*d**2 - 13*d + 5.